t is 1100 + -1001100111111?
-1001100110011
In base 8, what is 2 - -10045?
10047
In base 2, what is -1011011001001 - 1001?
-1011011010010
In base 14, what is -7a3 - 43?
-806
In base 2, what is -11011111001111111 - -100?
-11011111001111011
In base 16, what is 3 - -21cf?
21d2
In base 10, what is -2052866 + 0?
-2052866
In base 6, what is -2403342 + -12?
-2403354
In base 7, what is 12222 - 2?
12220
In base 6, what is 4350 + -1053?
3253
In base 12, what is 1 + -5a125?
-5a124
In base 8, what is 10 + 364?
374
In base 4, what is -11 - -2330022123?
2330022112
In base 8, what is -52 + 7771?
7717
In base 13, what is 91960 + 4?
91964
In base 12, what is -74932 - 3?
-74935
In base 15, what is -2a1 - -75?
-22b
In base 9, what is 3 + -112144?
-112141
In base 12, what is 4406 + 145?
454b
In base 8, what is -5 - -56555?
56550
In base 13, what is 4a18 - -15a?
4b75
In base 12, what is -20 - -2268?
2248
In base 3, what is -12112212 + -100?
-12120012
In base 4, what is 320 - -113223?
120203
In base 9, what is -12613 - -3?
-12610
In base 12, what is -27b2 + -54?
-2846
In base 14, what is 1 + -283?
-282
In base 9, what is -22 - -5457?
5435
In base 11, what is -1215217 + -3?
-121521a
In base 5, what is 3 - -1041204?
1041212
In base 14, what is -1d476 + 3?
-1d473
In base 13, what is 9709 - 4?
9705
In base 4, what is 33020113 + 3?
33020122
In base 10, what is -10885 + 35?
-10850
In base 9, what is -23 - -43215?
43182
In base 16, what is -8f - -c85?
bf6
In base 5, what is 134 + -134340?
-134201
In base 11, what is -853 + 12?
-841
In base 11, what is -2 - 293aa?
-29401
In base 12, what is 23151 - 5?
23148
In base 16, what is 8a - 32?
58
In base 9, what is -57882 - 0?
-57882
In base 12, what is 26 - -24a3?
2509
In base 16, what is 49ffd - 0?
49ffd
In base 9, what is 1283565 + 14?
1283580
In base 9, what is -4 + 18158?
18154
In base 15, what is -16e475 + -1?
-16e476
In base 7, what is 20 + 43364?
43414
In base 10, what is 274123 + 4?
274127
In base 12, what is 5 + a6a7?
a6b0
In base 6, what is 124 + 2250?
2414
In base 5, what is 120033 + -13?
120020
In base 7, what is 132 + 403?
535
In base 2, what is 10101101 + -1011110101?
-1001001000
In base 10, what is -1126 - 29?
-1155
In base 13, what is -5 + -2640?
-2645
In base 16, what is -3 + 1d9a?
1d97
In base 10, what is -4 - 138592?
-138596
In base 10, what is -39 - -4443?
4404
In base 15, what is -96b9 - 2?
-96bb
In base 3, what is -12 - -1001121001111?
1001121001022
In base 4, what is -3 + -130301102?
-130301111
In base 2, what is -10 + -1000011111010?
-1000011111100
In base 9, what is -201434 + 4?
-201430
In base 8, what is 1473 + 24?
1517
In base 16, what is -1f41 + b?
-1f36
In base 12, what is -9 + -18807?
-18814
In base 5, what is 2 + -410124?
-410122
In base 7, what is -1 + -152260?
-152261
In base 12, what is 0 + -1b249?
-1b249
In base 13, what is 1 - -1233?
1234
In base 15, what is c78 - -241?
eb9
In base 7, what is -1 - 3001351?
-3001352
In base 8, what is 2006 + -43?
1743
In base 9, what is 46 - -106887?
107044
In base 10, what is 16 + -4987?
-4971
In base 7, what is 204 - -120?
324
In base 10, what is -688 - 147?
-835
In base 11, what is 44a29 + -6?
44a23
In base 12, what is 640b + -3?
6408
In base 9, what is -612 - -73?
-528
In base 9, what is 54 + -48374?
-48320
In base 14, what is d7854 + 4?
d7858
In base 10, what is 8841 + -4?
8837
In base 15, what is 3 + 253c9?
253cc
In base 2, what is -100010010010 + -1000?
-100010011010
In base 13, what is -1 - -167c9?
167c8
In base 5, what is 1042013203 + -3?
1042013200
In base 10, what is -5 - 3047?
-3052
In base 8, what is 1725 - -611?
2536
In base 7, what is -30060 + 133?
-26624
In base 3, what is -12200 + 22221?
10021
In base 16, what is 4e + -22ca?
-227c
In base 5, what is 0 - 12140120?
-12140120
In base 16, what is 207 + -292?
-8b
In base 15, what is -6ac - 3?
-6b0
In base 16, what is -31 + 2a?
-7
In base 9, what is 87084 + -3?
87081
In base 12, what is -11 - -26?
15
In base 7, what is -54036 + -6?
-54045
In base 3, what is 10011101 + -112?
10010212
In base 16, what is -8 - -a1798?
a1790
In base 15, what is 2805 - -95?
289a
In base 16, what is -1166 - 93?
-11f9
In base 14, what is 1882 - 21d?
1663
In base 4, what is -10022 + -1031323?
-1102011
In base 11, what is 2278 + -18?
2260
In base 13, what is -13 + 23a?
227
In base 11, what is -1a389 - 2a?
-1a408
In base 7, what is -5040 - -1056?
-3651
In base 15, what is 57 + -226?
-1be
In base 2, what is 1001101 - 11010110110001?
-11010101100100
In base 13, what is 67c0 - -7?
67c7
In base 2, what is 100101111 + -11110000?
111111
In base 8, what is -5 - -66012?
66005
In base 12, what is -145 + 345?
200
In base 2, what is -100101111101 - 10001001?
-101000000110
In base 5, what is -2310 + -133344?
-141204
In base 11, what is -224a4 + -3?
-224a7
In base 8, what is -107256 - -25?
-107231
In base 5, what is 3122 + 222?
3344
In base 14, what is 43d + -d0?
34d
In base 13, what is 5 + -19b6ac?
-19b6a7
In base 16, what is 27 - 1c9a?
-1c73
In base 13, what is a + 51ac?
51b9
In base 5, what is -104432003 - 4?
-104432012
In base 2, what is 1000001111111001 - 1111?
1000001111101010
In base 9, what is 2138038 - 3?
2138035
In base 16, what is -118289 + -3?
-11828c
In base 6, what is 5 + -10114050?
-10114041
In base 12, what is -11 + -b1761?
-b1772
In base 6, what is -330 + -453?
-1223
In base 2, what is 1100011101100111101 + -1?
1100011101100111100
In base 9, what is -1281 + -4232?
-5523
In base 9, what is 77815 + 23?
77838
In base 8, what is 5042 + 616?
5660
In base 2, what is 10100110111100011100 + 11?
10100110111100011111
In base 6, what is 54 + 21355?
21453
In base 9, what is -777 + 25?
-752
In base 15, what is -2d3 - -e9?
-1d9
In base 15, what is 278 + 222?
49a
In base 11, what is 1 - -2a1?
2a2
In base 11, what is 6 + 2901a?
29025
In base 16, what is -2b67 + 1a?
-2b4d
In base 15, what is 2 + 13e9e?
13ea1
In base 15, what is -cb03 - -2?
-cb01
In base 13, what is -1483 + 8?
-1478
In base 16, what is 5 + -1d0e6?
-1d0e1
In base 4, what is 1 - -223313?
223320
In base 10, what is 0 - -5058?
5058
In base 11, what is -705a + -4?
-7063
In base 3, what is 1102120 + 220?
1110110
In base 16, what is 41db + -1?
41da
In base 6, what is -32345230 - -3?
-32345223
In base 8, what is -150 - -226?
56
In base 13, what is 1 + 3c1b3?
3c1b4
In base 13, what is 63c7 - -3?
63ca
In base 3, what is -22002212100 + -1?
-22002212101
In base 6, what is -5 - -255030?
255021
In base 6, what is 241 + 2103?
2344
In base 8, what is 54270 + 0?
54270
In base 4, what is -3032110 - 220?
-3032330
In base 11, what is -3 + -603a6?
-603a9
In base 15, what is -4 + 7937?
7933
In base 8, what is -70 - 55?
-145
In base 7, what is -44 - 330?
-404
In base 12, what is -2500 - -54?
-2468
In base 6, what is -2 - 2512?
-2514
In base 6, what is -11 - -15034453?
15034442
In base 11, what is -4 + -50283a?
-502843
In base 11, what is -5 - 225696?
-2256a0
In base 9, what is 3 - 1634305?
-1634302
In base 16, what is -c - -5409?
53fd
In base 4, what is 200 + -113121?
-112321
In base 3, what is -10210 - 101022?
-112002
In base 5, what is -11342300 + 12?
-11342233
In base 10, what is 786095 + -5?
786090
In base 15, what is 13 + -d839?
-d826
In base 12, what is -97 + 6709?
6632
In base 6, what is -12 - -2555?
2543
In base 10, what is -7 - 148474?
-148481
In base 8, what is 5501 - 3?
5476
In base 8, what is -3465 + -351?
-4036
In base 8, what is -136642 + -137?
-137001
In base 6, what is -1424 - -51151?
45323
In base 10, what is -9717 - 17?
-9734
In base 8, what is 12216 + -110?
12106
In base 16, what is 63 - 85?
-22
In base 16, what is 8051 + -e?
8043
In base 12, what is -69ab54 - 0?
-69ab54
In base 16, what is 103c97 + 5?
103c9c
In base 10, what is 3 + 418640?
418643
In base 7, what is -423 + -3251?
-4004
In base 5, what is -3204 + 4401?
1142
In base 14, what is 2 + -45ad2?
-45ad0
In base 3, what is -212010100 - -12?
-212010011
In base 15, what is -9217 - 0?
-9217
In base 13, what is 2581 - 1ac?
23a2
In base 11, what is -1193 - -46?
-1148
In base 13, what is -2630bb + 2?
-2630b9
In base 15, what is 0 + 30e1?
30e1
In base 8, what is -6531 + 305?
-6224
In base 12, what is -19 + 111?
b4
In base 12, what is -23 - -634b?
6328
In base 12, what is -a8484 - 3?
-a8487
In base 15, what is 5e2ab - 5?
5e2a